 176 - 439/(-1). Calculate the greatest common factor of m and 39.
13
Let w(f) = -f**2 + 4*f + 14. Let b be w(7). Let u be b + 21/7 + 244. Calculate the greatest common factor of u and 15.
15
Let l be (3336/60)/(1/5). Suppose 6*y - l + 74 = 0. Let w = y + -6. What is the highest common factor of 112 and w?
28
Let k = 256 + 335. Suppose 444 = 3*i + 3*g, 3*i + i = -3*g + k. What is the greatest common divisor of 21 and i?
21
Let u = 4035 - 3934. Calculate the highest common factor of u and 3.
1
Let j(l) = -5*l - 6. Let n be j(-4). Suppose 0 = -2*z - 666*d + 663*d + 1, 5*d + 33 = z. Calculate the highest common divisor of z and n.
2
Let a be -3*5/30*-4. Suppose a = 2*n - 8. Suppose -2*j + n*j = 225. Calculate the greatest common factor of j and 15.
15
Suppose -2*f + 3*t + 6 = 0, -2 = -3*f - 3*t + 4*t. Let g be (-2)/(-16) + (2346/48 - f). What is the highest common divisor of g and 147?
49
Let n be (51 - -5)/(-8) + 323. Let t be 92*(4/2)/(-1). Let y = t + n. Calculate the greatest common factor of 22 and y.
22
Suppose 5*i + 5*a = 115, i + 10*a + 26 = 16*a. Let v(y) = -y**3 - y**2 - y + 1. Let z be v(2). Let s = i - z. What is the highest common factor of s and 87?
29
Suppose o = 32*o - 1116. Suppose o*y - 6916 = 10*y. Calculate the highest common factor of 14 and y.
14
Let s(v) = 29*v - 99. Let k be s(11). Suppose -4*d - k = -5*f - 9*d, 172 = 4*f + 5*d. Calculate the greatest common divisor of 30 and f.
6
Let l = -69 + 106. Suppose l*y = -129 + 758. Suppose 0 = o - 5*o + 544. Calculate the greatest common factor of o and y.
17
Let q = -171 + 166. Let g be (-765)/6 - 3/6. Let z be q/2*(-7)/((-140)/g). Calculate the greatest common divisor of z and 2.
2
Let f = 425 - 255. Let y be (-10)/4 + 0 + 35/14. Suppose -38 = q + 4*g - 126, y = -q - 3*g + 83. What is the highest common factor of f and q?
34
Let w = 38 - 35. Let h be (56/(-24))/(w/(-81)). Suppose -5*q - h + 28 = -k, 0 = k + q - 23. What is the greatest common divisor of 275 and k?
25
Suppose 104*k = 64*k + 2920. What is the highest common factor of k and 803?
73
Let j be ((-3)/4)/((825/88)/(-25)). Suppose -3*n + 14 + 37 = j*h, 4*n + 12 = 0. Calculate the greatest common factor of 30 and h.
30
Let b = -3305 + 3471. What is the highest common factor of 16 and b?
2
Suppose 21*s = 31*s + 29*s - 374049. What is the greatest common factor of 207 and s?
69
Let l be ((-12)/(-4) - 2) + 40. Suppose -46*q + 45 = -l*q. Calculate the greatest common factor of 9 and q.
9
Suppose 0 = 3*z - 8*z + 15. Let a(i) = -3*i + 7*i + i + i**z - 4*i**2 - 10 + 5*i. Let t be a(3). Calculate the highest common factor of 110 and t.
11
Suppose 0 = -c + 5*q + 490, 2*q - 530 = -c - 3*q. Calculate the greatest common divisor of c and 136.
34
Let j = -15027 - -15257. What is the greatest common factor of j and 1410?
10
Let k = -37 - -47. Let d be (88/(-3))/((k/45)/2). Let z be ((-10)/(-8))/((-11)/d). Calculate the highest common divisor of 10 and z.
10
Let k = 3 - 2. Suppose 7*o - 540*o + 612 = 79*o. What is the greatest common divisor of o and k?
1
Let i = 79 + -71. Let m be 6/(-4) - (12/i)/(-3). Let t be (-2)/(m*(-4)/(-100)). What is the greatest common divisor of t and 50?
50
Let n = -3693 - 135. Let z be (-4)/14 + (n/21)/(-1). Suppose 5*u - 507 = -z. What is the highest common divisor of 39 and u?
13
Let m(g) = 3*g**3 - 22*g**2 + 50*g - 773. Let s be m(22). Calculate the highest common divisor of 7 and s.
7
Suppose -7*a + 129 - 31 = 0. Let u = 26 - 68. Let j be (1 + -28)*u/9. Calculate the highest common divisor of a and j.
14
Suppose 0 = 6*u - 4*f - 2512, 0 = 4*u + 9*f - 10*f - 1688. What is the greatest common divisor of 6678 and u?
106
Let k(d) = 6*d + 47. Let m be k(-10). Let o(p) = -p**3 - 12*p**2 - 2*p - 26. Let c be o(m). What is the greatest common factor of 13 and c?
13
Let i be (-6546)/(-72) - (-33)/396. What is the greatest common divisor of i and 77?
7
Let x be 0 - -4 - 5 - -805. Calculate the greatest common divisor of x and 24.
12
Suppose 0 = -12*q + 30 + 186. Suppose -9*z = -q - 279. What is the greatest common divisor of 66 and z?
33
Let g = 5925 - 5725. Calculate the highest common divisor of g and 2120.
40
Suppose -33*d + 96 = -21*d. Suppose -d = -4*n - 2*v, -10 = -5*n - 6*v + 3*v. Calculate the highest common factor of 38 and n.
2
Let o = -12738 + 12758. Calculate the greatest common divisor of 1570 and o.
10
Suppose 22*j - 12312 = 3*j. What is the highest common divisor of j and 192?
24
Suppose -3*i - 45 = -0*r - r, 115 = 3*r - 5*i. Let z(m) = -7*m + 50. Let d be z(5). Suppose 0 = 4*o - d - 25. What is the greatest common divisor of r and o?
10
Suppose -71*w + 8528 = 2919. Calculate the highest common factor of w and 3.
1
Suppose 1400 = 4*z - 3*i - 56, 2*z = 4*i + 718. Suppose -3*p + 1656 = 3*s, -s - 3*p - z = -921. What is the greatest common factor of 29 and s?
29
Suppose -3*a + 4*v + 40 = 0, 9*v = -a + 4*v - 12. Let n = a + -97. Let o = 145 + n. Calculate the highest common divisor of o and 14.
14
Let b = -10392 + 10482. What is the greatest common divisor of b and 1128?
6
Suppose 5*a = -5 + 90. Let p(u) = -u**2 + u - 10. Let f be p(-5). Let q be 48/f*170/(-3). Calculate the greatest common divisor of q and a.
17
Let u = -6983 - -7033. What is the greatest common divisor of u and 6350?
50
Suppose 0 = -2*k - 3*g + 2358, -920*k = -924*k - 5*g + 4712. What is the highest common factor of k and 153?
51
Let s be (12/22)/(32/4576). Suppose -102 = 2*k - 3*k + 2*y, -4*k + 5*y + 411 = 0. Calculate the highest common factor of s and k.
26
Let i(k) = k**3 - 2*k**2 + 8*k - 49. Let l be i(4). Let s be (676/65)/(3/l). Calculate the greatest common factor of 598 and s.
26
Suppose -7*z = -229 + 5. Let v be 8/z - (-188)/16. Calculate the greatest common divisor of v and 30.
6
Let c = 17 + 11. Suppose -5*g + 149 = -3*h, 3*h + 3635 - 3766 = -5*g. Calculate the highest common factor of g and c.
28
Let d(b) = -16*b**3 + b**2 + 4*b + 15. Let f be d(-3). What is the greatest common divisor of f and 60?
12
Suppose 0 = -8*o - 2514 + 4482. Calculate the highest common divisor of 1394 and o.
82
Let y = -4200 - -4245. Calculate the highest common divisor of y and 18.
9
Let p be 595/49 + -12 - (-259612)/28. Calculate the highest common factor of 16 and p.
8
Suppose -4*b - 11 - 65 = 2*i, -2*i = 8. Let z = 22 + b. Suppose y - 8 = 3*l, -4*y - z*l + 15 + 68 = 0. What is the greatest common factor of y and 187?
17
Let h be (-16)/10*(-5)/2. Suppose 136*u + 303 = 141*u + g, 3*u - 2*g = 200. What is the greatest common factor of h and u?
2
Let p = -65 - -84. Let v(w) = w**2 - 18*w - 31. Let g be v(p). Let d be (3 - g/(-8))*2. What is the highest common factor of d and 48?
3
Suppose -24*g = -16*g - 16*g + 30520. Calculate the greatest common factor of g and 105.
35
Let c be (-1 + (-202)/3)*-3. Suppose 0 = -5*a + 4*x + 2612, 0 = -5*a + 5*x - 0*x + 2610. Let z = a - c. What is the greatest common factor of 29 and z?
29
Let k be 46 - (-8)/208*-26. Let c be 106/6 + (-2)/(-6). Calculate the highest common divisor of c and k.
9
Let z(d) = -d**2 + 4*d - 3. Let u be z(4). Let a be (6/(-6))/((-1)/15*u). Let w = a + 10. Calculate the highest common divisor of w and 90.
5
Let w = 407 + -220. Let j be (2/1)/(17 - (-185)/(-11)). Calculate the highest common factor of w and j.
11
Suppose -76*m = -42*m - 28*m - 564. Calculate the highest common divisor of m and 8037.
47
Let n be 4/62 - -2302*(-161)/(-217). Calculate the greatest common divisor of 28 and n.
28
Suppose 0 = 3*d + 2*d - 2*m - 220, -m = 4*d - 176. Suppose 4*p = -2*q + 2988, 5*p - 2*q = 2*q + 3748. What is the highest common divisor of d and p?
44
Let o = -15200 - -18760. What is the highest common divisor of 80 and o?
40
Suppose 4*u + 4*s = 76, -3 = 2*u + 3*s - 46. Suppose 65*h = 1130 + 2510. Calculate the highest common divisor of u and h.
14
Let y(t) = -70*t + 702. Let d be y(9). What is the greatest common factor of 1176 and d?
24
Suppose 2*k = 5*g - 1493, 0*g - 3*k + 582 = 2*g. Let o be (42/(-105))/((-6)/430) - (-270)/(-162). What is the highest common factor of g and o?
27
Let z = 3664 + -2386. What is the highest common factor of z and 126?
18
Let q = -88 - -160. Suppose 3 = -1164*n + 1162*n - 3*o, -93 = -3*n + 3*o. What is the highest common factor of n and q?
18
Let r = 117 - -139